
Let i(j) = j**2 + 8423*j + 109457. Determine i(-13).
127
Let m(r) = -1537*r + 1181946. What is m(769)?
-7
Let r(u) = 12*u**2 + 2289*u - 1174. Calculate r(-191).
-601
Let q(s) = -13*s**3 - 4*s**2 + 14*s + 111. Determine q(-7).
4276
Let m(j) = 5320*j + 170242. Give m(-32).
2
Let a(w) = -4014*w + 56196. What is a(14)?
0
Let v(y) = -5*y**2 - 22*y - 90. What is v(-10)?
-370
Let p(r) = 9092*r - 2418469. Determine p(266).
3
Let r(z) = 2*z**3 + 153*z**2 - 1365*z + 392. Calculate r(8).
288
Let p(g) = 4*g**3 - 8*g**2 + 38*g - 144. What is p(3)?
6
Let t(n) = 109164*n + 109146. What is t(-1)?
-18
Let y(n) = n**3 + 16*n**2 + 220*n + 1835. Give y(-11).
20
Let q(p) = 9*p**2 - 18326*p - 781327. Give q(2078).
1
Let r(d) = -4*d**2 - 69121*d - 345551. What is r(-5)?
-46
Let o(t) = 438*t**2 - 49932*t - 3. What is o(114)?
-3
Let a(y) = 79*y - 2179. Give a(31).
270
Let x(u) = 57*u**3 - 454*u**2 + 258*u - 2072. What is x(8)?
120
Let j(l) = -119*l + 17356. Calculate j(144).
220
Let n(k) = 27401*k - 2000250. What is n(73)?
23
Let l(s) = s**2 + 10*s - 114887. Determine l(334).
9
Let n(v) = -6*v**2 + 82009*v + 2795249. Give n(-34).
7
Let u(q) = -q**3 - 143*q**2 - 2598*q - 3. What is u(0)?
-3
Let l(g) = -97587*g + 975976. Calculate l(10).
106
Let f(l) = 14*l**3 + 2002*l**2 + 238*l + 34054. Determine f(-143).
20
Let h(p) = -582*p + 107625. What is h(185)?
-45
Let f(s) = -27*s + 4040. Give f(78).
1934
Let p(l) = -39273*l + 117763. Determine p(3).
-56
Let n(i) = -2*i**3 - 179*i**2 - 1595*i - 59. What is n(-10)?
-9
Let d(a) = 2*a**3 - 224*a**2 + 10*a + 140. Give d(0).
140
Let v(g) = 497*g - 19336. Determine v(39).
47
Let g(s) = 10886*s + 6161477. Determine g(-566).
1
Let s(v) = -4*v**2 - 326*v + 3271. Calculate s(9).
13
Let k(f) = -2001*f + 234105. What is k(117)?
-12
Let i(h) = -h**2 + 144*h + 24070. What is i(-99)?
13
Let o(b) = 3*b**3 + 585*b**2 + 1162*b + 700. Determine o(-193).
-72
Let k(w) = w**2 - 972*w + 3873. What is k(4)?
1
Let a(j) = j**3 - 256*j - 1352. What is a(-8)?
184
Let t(s) = 2*s**3 + 464*s**2 + 2279*s + 1903. Determine t(-227).
-140
Let l(s) = -6848*s - 6850. Determine l(-1).
-2
Let p(i) = 155*i**2 - 139*i + 414. Give p(3).
1392
Let n(g) = 115*g**2 - 2517*g + 7578. What is n(3)?
1062
Let f(q) = -20*q**3 + 14*q**2 + 36*q - 11. Determine f(-3).
547
Let s(t) = t**3 + 9*t**2 - 52*t - 3. Determine s(4).
-3
Let b(y) = -61983*y + 867746. What is b(14)?
-16
Let d(p) = 164418*p - 164413. Give d(1).
5
Let j(o) = -5*o**3 - 163*o**2 + 660*o + 1746. What is j(-36)?
18
Let l(b) = b**2 - 152*b + 1661. Calculate l(14).
-271
Let s(h) = -11*h**2 - 599*h - 1127. Determine s(-53).
-279
Let y(l) = 247*l**2 - 35567*l + 77. Calculate y(144).
221
Let v(z) = -5*z**2 - 181*z - 1208. What is v(-30)?
-278
Let p(g) = -g**3 - 13*g**2 + 8*g + 645. What is p(-10)?
265
Let l(t) = t**3 + 115*t**2 + 71*t - 4569. What is l(-114)?
333
Let k(q) = -1987*q - 9914. What is k(-5)?
21
Let d(r) = -13396*r + 776901. What is d(58)?
-67
Let y(o) = 11301*o + 11282. Determine y(-1).
-19
Let t(w) = 57804*w - 173435. What is t(3)?
-23
Let u(q) = 42318*q - 1946620. What is u(46)?
8
Let j(m) = -21*m**2 - 1577*m + 5752. What is j(-79)?
-726
Let w(k) = k**3 + 142*k**2 + 5004*k - 19. What is w(-77)?
58
Let s(c) = c**3 + 251*c**2 + 7197*c + 101. What is s(-33)?
2
Let h(k) = -k**2 - 417*k - 15590. Calculate h(-45).
1150
Let x(c) = c**3 - 669*c**2 - 29826*c + 1505. What is x(-42)?
-7
Let s(z) = z**2 + 80*z + 1597. Calculate s(-39).
-2
Let m(j) = -425*j**2 + 153*j - 155. Determine m(1).
-427
Let q(x) = x**2 - 1600*x + 34520. Give q(22).
-196
Let d(q) = -19*q**2 - 1060*q - 791. Calculate d(-55).
34
Let l(j) = -109647*j - 218990. Determine l(-2).
304
Let p(k) = -21*k**2 - 11925*k + 197975. Calculate p(-584).
-1
Let z(g) = -g**3 - 255*g**2 - 3603*g - 88. What is z(-240)?
632
Let p(v) = -97*v**3 + 3*v**2 + 444*v + 442. Give p(-1).
98
Let z(a) = 15437*a - 3118261. Calculate z(202).
13
Let s(k) = -7*k**2 - 162*k + 527. Calculate s(3).
-22
Let k(j) = -2487*j**2 + 14514*j + 2450. Calculate k(6).
2
Let c(g) = -g**2 - 523*g + 786321. What is c(663)?
3
Let q(g) = g**3 - 112*g**2 - 705*g - 379. What is q(118)?
-25
Let s(b) = 18899*b + 9940873. Give s(-526).
-1
Let m(b) = 5743*b + 28628. What is m(-5)?
-87
Let j(n) = -13*n**2 - 1458*n + 65. Give j(-113).
-1178
Let q(l) = 2*l**2 + 22087*l + 110389. Determine q(-5).
4
Let k(v) = 988*v + 30166. Give k(-30).
526
Let l(a) = 21*a - 644. Determine l(32).
28
Let r(n) = -604*n + 6460. Calculate r(11).
-184
Let v(f) = -f**3 + 173*f**2 - 1517*f + 6706. What is v(164)?
-18
Let i(w) = 52*w**2 + 2589*w + 4962. Give i(-2).
-8
Let g(z) = z**2 - 320*z + 11574. Calculate g(271).
-1705
Let v(r) = -371*r - 74942. Give v(-202).
0
Let c(j) = -j**3 - j**2 + 128*j - 432. Give c(4).
0
Let w(b) = -3550*b + 46162. Give w(13).
12
Let b(r) = -70*r + 4612. Calculate b(77).
-778
Let w(q) = 57*q**3 - 7*q**2 - 23*q - 4. Give w(-3).
-1537
Let c(d) = -1121*d - 1292. What is c(-1)?
-171
Let x(k) = -8*k**3 - 248*k**2 + 33*k + 1031. Calculate x(-31).
8
Let g(u) = 893*u + 53593. Determine g(-60).
13
Let l(r) = 1821*r + 29817. Calculate l(-16).
681
Let r(b) = -1400*b - 47631. Determine r(-34).
-31
Let w(v) = -3588*v - 49438. What is w(-14)?
794
Let x(s) = -s**3 + 51*s**2 - 298*s - 477. What is x(44)?
-37
Let m(f) = -244*f**2 + 9303*f - 183. Give m(38).
995
Let c(v) = 16*v**2 - 220*v - 294. Calculate c(15).
6
Let z(p) = 12091*p + 9310062. Calculate z(-770).
-8
Let f(h) = h**2 + 166*h + 4518. Determine f(-135).
333
Let y(x) = x**2 - 22578*x + 180578. Give y(8).
18
Let t(o) = -o**2 - 151*o + 4855. Give t(-178).
49
Let r(q) = -8*q**2 - 319*q + 3348. Calculate r(-48).
228
Let y(a) = a**2 + 60789*a + 1579812. Give y(-26).
-26
Let g(p) = -4*p**2 - 7226*p + 72700. Calculate g(10).
40
Let p(g) = g**2 + 1420*g - 33238. Give p(23).
-49
Let s(w) = 2*w**3 - 36*w**2 + 67*w - 30. Calculate s(15).
-375
Let b(l) = 95*l**2 + 947*l - 1060. Calculate b(-11).
18
Let d(l) = -l**3 + 272*l**2 + 3708*l - 784. Determine d(285).
71
Let z(j) = 4373*j - 3502777. Calculate z(801).
-4
Let g(x) = 2*x**2 - 262*x + 2212. Give g(122).
16
Let d(k) = -134300*k - 23636802. Determine d(-176).
-2
Let b(m) = m**3 - 316*m**2 - 1292*m + 3852. What is b(320)?
12
Let r(n) = -1719*n - 175339. Give r(-102).
-1
Let o(r) = -208697*r - 3130458. Give o(-15).
-3
Let q(a) = 10*a**2 + 326*a - 658. What is q(2)?
34
Let a(p) = p**3 - 5*p**2 + 3030*p + 28400. What is a(-9)?
-4
Let x(z) = z**3 - 91*z**2 - 488*z + 44410. Give x(91).
2
Let b(m) = -18*m**3 + 120*m**2 - 245*m + 2146. What is b(9)?
-3461
Let n(a) = a**3 - 11*a**2 - 31*a + 241. Determine n(5).
-64
Let l(y) = -2*y**3 + 68*y**2 + 1246*y + 315. Calculate l(-13).
3
Let u(k) = -55*k + 10282. Determine u(194).
-388
Let t(z) = 9307*z + 9326. What is t(-1)?
19
Let l(j) = 109*j**2 + 4937*j - 14260. Determine l(-48).
-100
Let n(a) = 1449*a + 73985. Determine n(-51).
86
Let f(x) = -7648*x - 336442. Determine f(-44).
70
Let s(w) = 3*w**2 - 18*w + 120. What is s(0)?
120
Let u(l) = l**2 + 848*l - 375247. Calculate u(321).
2
Let u(s) = 2*s**3 + 50*s**2 + 241*s - 21. Calculate u(-5).
-226
Let d(s) = 2*s**3 + 52*s**2 - 566*s + 1770. Give d(-35).
-470
Let u(r) = r**3 + 17*r**2 + 77*r - 1029. What is u(5)?
-94
Let h(x) = 5*x**3 + 13*x**2 - 8*x - 13. What is h(-4)?
-93
Let w(f) = -851803*f + 2555418. What is w(3)?
9
Let w(d) = 700*d - 113389. What is w(162)?
11
Let f(u) = 6*u**2 - 1344*u + 74076. What is f(98)?
-12
Let r(b) = -b**3 - 166*b**2 - 199*b - 6675. What is r(-165)?
-1065
Let l(w) = w**3 - w**2 + 329*w - 4041. Give l(10).
149
Let r(s) = -665*s**2 + 7306*s + 66. Calculate r(11).
-33
Let n(l) = -l**3 + 539*l**2 - 21789*l + 4183. Determine n(495).
-272
Let p(r) = 104*r**2 + 67*r - 104. Give p(2).
446
Let h(t) = 7*t**3 - 340*t**2 - 157*t - 19. Give h(49).
-509
Let m(f) = -4*f**3 - 114*f**2 - 359*f + 23. What is m(-26)?
2597
Let z(b) = 26*b**2 + 2219*b + 4209. Calculate z(-83).
-854
Let l(o) = 2*o**3 - 56*o**2 - 112*o + 543. Give l(31).
2837
Let s(l) = -l**3 + 479*l**2 - 711*l + 111341. Calculate s(478).
-33
Let z(k) = -3*k**3 - 79*k**2 + 19243*k + 82. What is z(68)?
14
Let c(g) = -1034*g - 13520. Give c(-14).
956
Let d(z) = -782*z + 80226. Determine d(103).
-320
Let n(g) = 20*g**2 - 135*g - 52. What is n(8)?
148
Let p(k)